at are the prime factors of w(q)?
23
List the prime factors of 6756/3 + (37 - 31).
2, 1129
Let s(t) = t**3 - 3*t + 43. What are the prime factors of s(0)?
43
Let l(z) = -z**3 - 3*z**2 - 3*z - 17. Let u = 5 + -4. Let c(m) = -m**2 - m. Let w(v) = u*l(v) + 4*c(v). List the prime factors of w(-7).
2
Let o be (3 + 2 + -4)*-40. Let t = -1 - o. List the prime factors of t.
3, 13
Let h be 1*4*3/4. Suppose h*t + 4*m = 7*t - 408, 5*m = 20. List the prime factors of t.
2, 53
Suppose -5*s + 7*t + 991 = 5*t, -s - 4*t + 207 = 0. List the prime factors of s.
199
Suppose -2 = h, -2*p + 0*h = 3*h + 2. Suppose -7*v + 155 = -p*v. Suppose 0 = -5*l + 2*a + 6 + 11, -3*l - 4*a = -v. What are the prime factors of l?
5
Let n be 4/18 - (-1695)/27*1. Suppose -100*z = -99*z - n. List the prime factors of z.
3, 7
Let v = -453 - -1517. What are the prime factors of v?
2, 7, 19
Let m(d) = -5*d - 11. Let z be m(-4). Suppose -524 = -13*c + z*c. List the prime factors of c.
131
Suppose -3*g = -3, 0*f - f + 5*g = 0. Suppose -f*x = 125 - 515. What are the prime factors of x?
2, 3, 13
Let f be 16/(-4 + 2) + -2. Let d be ((-4)/f)/(8/(-240)). Let x = 31 + d. List the prime factors of x.
19
What are the prime factors of (3/(-1))/(3*(-6)/3816)?
2, 3, 53
Let n(x) be the third derivative of 0 - 6*x**2 + 0*x - 1/24*x**4 + 3/10*x**5 + 1/3*x**3. List the prime factors of n(1).
19
Suppose 2*l + 4*d - 1404 = 5*d, -3*d - 3508 = -5*l. What are the prime factors of l?
2, 11
Suppose 23*m + 1230 = 26*m - 2*u, 2*m - u - 820 = 0. List the prime factors of m.
2, 5, 41
What are the prime factors of ((-8)/(-7))/((-40)/140) + 169?
3, 5, 11
Suppose -4*l + 120 - 40 = 0. Suppose -5*z = -h - 21, 3*h + z = 24 - 7. Suppose 2*r + 4*s + 2 = l, -4 = -h*s. What are the prime factors of r?
7
Let j = 124 + 92. List the prime factors of j.
2, 3
Suppose -2*r - 2 = 2*b, 13 = -r - 5*b - 4. Suppose 4*c - 58 = -r*n + 296, -3*n - 3*c = -351. List the prime factors of n.
2, 3, 19
Let p = -26 + 28. Suppose 8*u - 25 = 3*u, -p*t - u + 327 = 0. What are the prime factors of t?
7, 23
What are the prime factors of (-2)/10 + 555951/255?
2, 5, 109
Let f = 2611 - -3135. What are the prime factors of f?
2, 13, 17
Let z(r) = 4 - 5 + 2 + 0 + r. Let i be z(3). Suppose 2*y - 2*d - 12 = -y, -i*y + 2*d + 14 = 0. List the prime factors of y.
2
Suppose 0 = -12*w + 3 + 21. Suppose -4*y - 304 = -3*i, -4*i + 398 = w*y - 0*y. List the prime factors of i.
2, 5
List the prime factors of (4 + (-532)/8)*(-38 - -4).
5, 17
Suppose 3*h + 427 = 2*d - 5233, -d - 2*h = -2844. List the prime factors of d.
2, 709
Let j = 154 + -34. Suppose -4*y + j = 6*y. What are the prime factors of y?
2, 3
Suppose -3*p + 2510 + 2128 = 0. List the prime factors of p.
2, 773
Let h(c) = -3*c - 33. Let l be h(-18). Let o = l - 19. What are the prime factors of o?
2
Let l(b) = 2*b**2 - b. Let a be l(2). Let j = 29 - a. List the prime factors of j.
23
Let o(q) = q**3 - q. Let p(b) = 2*b**3 - 11*b**2 - 13*b. Let u(z) = 3*o(z) - p(z). Let t be u(-10). Suppose -5*l + 14 + 91 = t. List the prime factors of l.
3, 7
Suppose 3*t + 20 = 5*t. Let c(y) = -4*y + 2. Let b be c(3). What are the prime factors of t - 5/(b/6)?
13
Let j = 13 - 11. Suppose j*f = -4*f + 54. Suppose d - f = -7. List the prime factors of d.
2
List the prime factors of 24/(-18)*2061/(-6).
2, 229
Suppose 7*f - 2*f = 30. Suppose f*a - 15 = 3*a. Suppose -a*n + 4*g = -235, 3*n + g - 139 = 3*g. What are the prime factors of n?
43
Let f(p) = 12*p + 2. Let n(k) = -6*k - 21. Let h be n(-4). List the prime factors of f(h).
2, 19
Suppose 4*o - 91 = -3*o. Suppose -20 = -4*t, 3*w = -5*t + o + 225. Suppose -z = 23 - w. What are the prime factors of z?
2, 3
List the prime factors of (772/(-6))/((160/(-30))/16).
2, 193
Suppose 0 = 2*o - a + 12 - 3, 2*o - 5*a = -21. Let b be -1 - (o - -1) - -47. Let x = b + -33. List the prime factors of x.
3, 5
Suppose -2*x - 44 + 212 = -2*n, -3*x - 240 = 3*n. Let u = -32 - n. What are the prime factors of u?
2, 5
Let i = -1206 + 3172. List the prime factors of i.
2, 983
Suppose 4*f - 8*f = -580. Let n = f + -94. What are the prime factors of n?
3, 17
Let r = 114 + -111. Suppose -r*m + 120 = 3*w, 2*w - m - 116 = -w. List the prime factors of w.
3, 13
Let w = -5 - 14. Let r = w + 13. What are the prime factors of (r/4)/((-2)/36)?
3
Suppose 2287 = 4*i - o - 974, -8949 = -11*i - o. What are the prime factors of i?
2, 11, 37
Suppose -4*x = 4*j - 2252, -x + 2 = 4. List the prime factors of j.
5, 113
Suppose 8184 = -12*u + 18*u. What are the prime factors of u?
2, 11, 31
Suppose 5*u = 4*u - 2*z + 91, 0 = z + 2. What are the prime factors of u?
5, 19
Let m = -100 - -3498. List the prime factors of m.
2, 1699
Let n(o) = -6*o - 15. Suppose 0 = -3*d - 4*m - 22, 2*d + 0*d + 8 = 4*m. What are the prime factors of n(d)?
3, 7
Let j(w) = -3*w**3 - w**2 + w - 1. What are the prime factors of j(-5)?
2, 43
Let v be (7/5 + 1)/(4/10). Suppose -v*f = 65 - 491. What are the prime factors of f?
71
Let g(y) = -y**2 + 19*y + 8. Suppose -p - 3 = -u - 3*p, -3*p = 3*u - 21. What are the prime factors of g(u)?
2, 3
Let a(u) = -2*u**2 - 61*u - 48. What are the prime factors of a(-11)?
3, 127
Let r(d) = d + 10. Let p be r(-8). Suppose -p*h + 14 + 68 = 0. Suppose 2*s - 5 = 5, 2*y - h = s. List the prime factors of y.
23
Let c = -63 - -67. Suppose -4*o = -4*r + 220, -c*o = 3*r + r - 260. List the prime factors of r.
2, 3, 5
Let m(k) = 2519*k**2 + 3*k - 2. Let v be m(1). Suppose -22*d = -10*d - v. List the prime factors of d.
2, 3, 5, 7
Let z be (-3)/21 + (-3)/(-21). Suppose -7*q + 6*q + 35 = z. What are the prime factors of q?
5, 7
Let x(o) = -14*o + 1. Let q = 7 - 7. Suppose -1 = 5*g + 3*r, -3*g - 4*r + 6 = -q. What are the prime factors of x(g)?
29
Let b = -1067 - -1405. What are the prime factors of b?
2, 13
Suppose -3*j = -4*t - 23, -3 = -4*t - 11. Let l be (-4)/34 - (-2116)/68. Suppose 10 = j*m - 2*p, -p - 2*p + l = 4*m. List the prime factors of m.
2
Let w = -2728 - -6751. What are the prime factors of w?
3, 149
Suppose -104*x + 102*x + 2496 = 0. What are the prime factors of x?
2, 3, 13
What are the prime factors of -26*(-4)/4*3 + -3?
3, 5
Suppose 11*t = 12*t - 5. Suppose 0 = 2*k + 2*x - t*x - 368, -3*x - 938 = -5*k. List the prime factors of k.
2, 5, 19
Suppose -327 = -m - 5*d, -5*m + 3*d = 5*d - 1635. List the prime factors of m.
3, 109
Suppose 2*y = -5*j + 30, 0 = 6*y - 2*y. Let s be (28/21)/(4/j). What are the prime factors of 3*-22*s/(-4)?
3, 11
Let i(h) = -11 - 3*h + 9 + h**2 - 2*h**2. Let p be i(-2). Suppose -2*v - 48 = -4*a, 6*v - v = p. List the prime factors of a.
2, 3
Suppose -18*p + 1261 = -3473. List the prime factors of p.
263
Suppose 0 = -2*v - 3*z + 5388, 5*v - 4*z - 14065 + 549 = 0. What are the prime factors of v?
2, 3, 5
Let b be 3 + -1 + 0 + 55. Let a = b - 10. What are the prime factors of a?
47
Let m(j) = j**2 - 4*j + 3. Let z be m(3). Suppose z = -d + 7 + 5. Suppose 2*y - 78 = d. List the prime factors of y.
3, 5
Let o(z) = 2*z - 3. Let h be o(3). Suppose 0 = -2*k - 2*g + 2, h = -4*k + 2*k - 3*g. Suppose 0 = k*y - 27 - 93. List the prime factors of y.
2, 5
Suppose b = 3*p - 1045, 5*b + 699 = 2*p + 2*b. Suppose 5*s + x = p, 3*x = x - 4. List the prime factors of s.
2, 5, 7
Let h = -23 + 29. Suppose -2*r + h*r = 40. List the prime factors of r.
2, 5
Let c(z) = 4*z**2 + 28*z + 49. What are the prime factors of c(-20)?
3, 11
Suppose 15*z - 52081 - 30479 = 0. What are the prime factors of z?
2, 43
Let n(f) = f + 9. Let t(b) = -b - 4. Let o be t(9). Let m be n(o). What are the prime factors of (4 + -122)*2/m?
59
Suppose -536 = -2*w + 42. What are the prime factors of w?
17
Let u(s) = 10*s - s**2 + 22*s - 5*s - 11. What are the prime factors of u(8)?
3, 47
Suppose 9*v - 2*t = 6*v + 130, -4*v = -t - 165. List the prime factors of v.
2, 5
Let h be (-4)/(-4) + (-2)/2. Suppose h*d + 5*v - 37 = -3*d, -2*v + 22 = 2*d. Suppose -4*j + d*j - 114 = -4*p, -3*p = 4*j - 92. What are the prime factors of j?
2, 13
Let m be (1 + 0)/((-1)/(-7)). Let t be m*1 + 0 + -2. Suppose 0 = -t*p + 5*i + 50, 3*i = -p - 3*p + 68. List the prime factors of p.
2, 7
Let c(l) = 2*l**2 - 19*l + 37. Let x(d) = 3*d**2 - 39*d + 73. Let t(i) = -5*c(i) + 3*x(i). List the prime factors of t(-21).
5, 11
Suppose -27*b = -11*b - 7968. List t